{"id":270,"date":"2024-03-04T10:41:33","date_gmt":"2024-03-04T13:41:33","guid":{"rendered":"https:\/\/grupomepi.com.br\/?page_id=270"},"modified":"2024-03-04T10:56:18","modified_gmt":"2024-03-04T13:56:18","slug":"clientes","status":"publish","type":"page","link":"https:\/\/www.mepi.com.br\/swp\/clientes\/","title":{"rendered":"Clientes"},"content":{"rendered":"\t\t<div data-elementor-type=\"wp-page\" data-elementor-id=\"270\" class=\"elementor elementor-270\" data-elementor-post-type=\"page\">\n\t\t\t\t<div class=\"elementor-element elementor-element-1297456 e-flex e-con-boxed e-con e-parent\" data-id=\"1297456\" data-element_type=\"container\" data-e-type=\"container\" data-settings=\"{&quot;background_background&quot;:&quot;classic&quot;}\">\n\t\t\t\t\t<div class=\"e-con-inner\">\n\t\t<div class=\"elementor-element elementor-element-1577605 e-flex e-con-boxed elementor-invisible e-con e-child\" data-id=\"1577605\" data-element_type=\"container\" data-e-type=\"container\" data-settings=\"{&quot;animation&quot;:&quot;fadeInUp&quot;}\">\n\t\t\t\t\t<div class=\"e-con-inner\">\n\t\t\t\t<div class=\"elementor-element elementor-element-3d5f387 elementor-widget elementor-widget-heading\" data-id=\"3d5f387\" data-element_type=\"widget\" data-e-type=\"widget\" data-widget_type=\"heading.default\">\n\t\t\t\t<div class=\"elementor-widget-container\">\n\t\t\t\t\t<h2 class=\"elementor-heading-title elementor-size-default\">Clientes Grupo MEPI<\/h2>\t\t\t\t<\/div>\n\t\t\t\t<\/div>\n\t\t\t\t\t<\/div>\n\t\t\t\t<\/div>\n\t\t\t\t\t<\/div>\n\t\t\t\t<\/div>\n\t\t<div class=\"elementor-element elementor-element-a5adfca e-flex e-con-boxed e-con e-parent\" data-id=\"a5adfca\" data-element_type=\"container\" data-e-type=\"container\" data-settings=\"{&quot;background_background&quot;:&quot;classic&quot;}\">\n\t\t\t\t\t<div class=\"e-con-inner\">\n\t\t<div class=\"elementor-element elementor-element-f0174b8 e-flex e-con-boxed elementor-invisible e-con e-child\" data-id=\"f0174b8\" data-element_type=\"container\" data-e-type=\"container\" data-settings=\"{&quot;animation&quot;:&quot;fadeInUp&quot;}\">\n\t\t\t\t\t<div class=\"e-con-inner\">\n\t\t<div class=\"elementor-element elementor-element-87a993a e-flex e-con-boxed e-con e-child\" data-id=\"87a993a\" data-element_type=\"container\" data-e-type=\"container\" data-settings=\"{&quot;background_background&quot;:&quot;classic&quot;}\">\n\t\t\t\t\t<div class=\"e-con-inner\">\n\t\t\t\t\t<\/div>\n\t\t\t\t<\/div>\n\t\t<div class=\"elementor-element elementor-element-9e19e7d e-flex e-con-boxed e-con e-child\" data-id=\"9e19e7d\" data-element_type=\"container\" data-e-type=\"container\" data-settings=\"{&quot;background_background&quot;:&quot;classic&quot;}\">\n\t\t\t\t\t<div class=\"e-con-inner\">\n\t\t\t\t\t<\/div>\n\t\t\t\t<\/div>\n\t\t<div class=\"elementor-element elementor-element-0a1d6c2 e-flex e-con-boxed e-con e-child\" data-id=\"0a1d6c2\" data-element_type=\"container\" data-e-type=\"container\" data-settings=\"{&quot;background_background&quot;:&quot;classic&quot;}\">\n\t\t\t\t\t<div class=\"e-con-inner\">\n\t\t\t\t\t<\/div>\n\t\t\t\t<\/div>\n\t\t<div class=\"elementor-element elementor-element-616f81e e-flex e-con-boxed e-con e-child\" data-id=\"616f81e\" data-element_type=\"container\" data-e-type=\"container\" data-settings=\"{&quot;background_background&quot;:&quot;classic&quot;}\">\n\t\t\t\t\t<div class=\"e-con-inner\">\n\t\t\t\t\t<\/div>\n\t\t\t\t<\/div>\n\t\t<div class=\"elementor-element elementor-element-8c3b67c e-flex e-con-boxed e-con e-child\" data-id=\"8c3b67c\" data-element_type=\"container\" data-e-type=\"container\" data-settings=\"{&quot;background_background&quot;:&quot;classic&quot;}\">\n\t\t\t\t\t<div class=\"e-con-inner\">\n\t\t\t\t\t<\/div>\n\t\t\t\t<\/div>\n\t\t<div class=\"elementor-element elementor-element-b954a8a e-flex e-con-boxed e-con e-child\" data-id=\"b954a8a\" data-element_type=\"container\" data-e-type=\"container\" data-settings=\"{&quot;background_background&quot;:&quot;classic&quot;}\">\n\t\t\t\t\t<div class=\"e-con-inner\">\n\t\t\t\t\t<\/div>\n\t\t\t\t<\/div>\n\t\t\t\t\t<\/div>\n\t\t\t\t<\/div>\n\t\t<div class=\"elementor-element elementor-element-480d8b2 e-flex e-con-boxed elementor-invisible e-con e-child\" data-id=\"480d8b2\" data-element_type=\"container\" data-e-type=\"container\" data-settings=\"{&quot;animation&quot;:&quot;fadeInUp&quot;}\">\n\t\t\t\t\t<div class=\"e-con-inner\">\n\t\t<div class=\"elementor-element elementor-element-e7d9e09 e-flex e-con-boxed e-con e-child\" data-id=\"e7d9e09\" data-element_type=\"container\" data-e-type=\"container\" data-settings=\"{&quot;background_background&quot;:&quot;classic&quot;}\">\n\t\t\t\t\t<div class=\"e-con-inner\">\n\t\t\t\t\t<\/div>\n\t\t\t\t<\/div>\n\t\t<div class=\"elementor-element elementor-element-6aa10b8 e-flex e-con-boxed e-con e-child\" data-id=\"6aa10b8\" data-element_type=\"container\" data-e-type=\"container\" data-settings=\"{&quot;background_background&quot;:&quot;classic&quot;}\">\n\t\t\t\t\t<div class=\"e-con-inner\">\n\t\t\t\t\t<\/div>\n\t\t\t\t<\/div>\n\t\t<div class=\"elementor-element elementor-element-d57caeb e-flex e-con-boxed e-con e-child\" data-id=\"d57caeb\" data-element_type=\"container\" data-e-type=\"container\" data-settings=\"{&quot;background_background&quot;:&quot;classic&quot;}\">\n\t\t\t\t\t<div class=\"e-con-inner\">\n\t\t\t\t\t<\/div>\n\t\t\t\t<\/div>\n\t\t<div class=\"elementor-element elementor-element-7f55238 e-flex e-con-boxed e-con e-child\" data-id=\"7f55238\" data-element_type=\"container\" data-e-type=\"container\" data-settings=\"{&quot;background_background&quot;:&quot;classic&quot;}\">\n\t\t\t\t\t<div class=\"e-con-inner\">\n\t\t\t\t\t<\/div>\n\t\t\t\t<\/div>\n\t\t<div class=\"elementor-element elementor-element-faf668a e-flex e-con-boxed e-con e-child\" data-id=\"faf668a\" data-element_type=\"container\" data-e-type=\"container\" data-settings=\"{&quot;background_background&quot;:&quot;classic&quot;}\">\n\t\t\t\t\t<div class=\"e-con-inner\">\n\t\t\t\t\t<\/div>\n\t\t\t\t<\/div>\n\t\t<div class=\"elementor-element elementor-element-e761dec e-flex e-con-boxed e-con e-child\" data-id=\"e761dec\" data-element_type=\"container\" data-e-type=\"container\" data-settings=\"{&quot;background_background&quot;:&quot;classic&quot;}\">\n\t\t\t\t\t<div class=\"e-con-inner\">\n\t\t\t\t\t<\/div>\n\t\t\t\t<\/div>\n\t\t\t\t\t<\/div>\n\t\t\t\t<\/div>\n\t\t<div class=\"elementor-element elementor-element-660d440 e-flex e-con-boxed elementor-invisible e-con e-child\" data-id=\"660d440\" data-element_type=\"container\" data-e-type=\"container\" data-settings=\"{&quot;animation&quot;:&quot;fadeInUp&quot;}\">\n\t\t\t\t\t<div class=\"e-con-inner\">\n\t\t<div class=\"elementor-element elementor-element-52dc067 e-flex e-con-boxed e-con e-child\" data-id=\"52dc067\" data-element_type=\"container\" data-e-type=\"container\" data-settings=\"{&quot;background_background&quot;:&quot;classic&quot;}\">\n\t\t\t\t\t<div class=\"e-con-inner\">\n\t\t\t\t\t<\/div>\n\t\t\t\t<\/div>\n\t\t<div class=\"elementor-element elementor-element-4b5fdaf e-flex e-con-boxed e-con e-child\" data-id=\"4b5fdaf\" data-element_type=\"container\" data-e-type=\"container\" data-settings=\"{&quot;background_background&quot;:&quot;classic&quot;}\">\n\t\t\t\t\t<div class=\"e-con-inner\">\n\t\t\t\t\t<\/div>\n\t\t\t\t<\/div>\n\t\t<div class=\"elementor-element elementor-element-a0c7437 e-flex e-con-boxed e-con e-child\" data-id=\"a0c7437\" data-element_type=\"container\" data-e-type=\"container\" data-settings=\"{&quot;background_background&quot;:&quot;classic&quot;}\">\n\t\t\t\t\t<div class=\"e-con-inner\">\n\t\t\t\t\t<\/div>\n\t\t\t\t<\/div>\n\t\t<div class=\"elementor-element elementor-element-390a0fa e-flex e-con-boxed e-con e-child\" data-id=\"390a0fa\" data-element_type=\"container\" data-e-type=\"container\" data-settings=\"{&quot;background_background&quot;:&quot;classic&quot;}\">\n\t\t\t\t\t<div class=\"e-con-inner\">\n\t\t\t\t\t<\/div>\n\t\t\t\t<\/div>\n\t\t<div class=\"elementor-element elementor-element-e4a27ef e-flex e-con-boxed e-con e-child\" data-id=\"e4a27ef\" data-element_type=\"container\" data-e-type=\"container\" data-settings=\"{&quot;background_background&quot;:&quot;classic&quot;}\">\n\t\t\t\t\t<div class=\"e-con-inner\">\n\t\t\t\t\t<\/div>\n\t\t\t\t<\/div>\n\t\t<div class=\"elementor-element elementor-element-344721d e-flex e-con-boxed e-con e-child\" data-id=\"344721d\" data-element_type=\"container\" data-e-type=\"container\" data-settings=\"{&quot;background_background&quot;:&quot;classic&quot;}\">\n\t\t\t\t\t<div class=\"e-con-inner\">\n\t\t\t\t\t<\/div>\n\t\t\t\t<\/div>\n\t\t\t\t\t<\/div>\n\t\t\t\t<\/div>\n\t\t\t\t\t<\/div>\n\t\t\t\t<\/div>\n\t\t\t\t<\/div>\n\t\t","protected":false},"excerpt":{"rendered":"<p>Clientes Grupo MEPI<\/p>\n","protected":false},"author":1,"featured_media":15,"parent":0,"menu_order":0,"comment_status":"closed","ping_status":"closed","template":"elementor_header_footer","meta":{"_joinchat":[],"footnotes":""},"class_list":["post-270","page","type-page","status-publish","has-post-thumbnail","hentry"],"yoast_head":"<!-- This site is optimized with the Yoast SEO plugin v27.3 - https:\/\/yoast.com\/product\/yoast-seo-wordpress\/ -->\r\n<title>Clientes - Grupo MEPI<\/title>\r\n<meta name=\"description\" content=\"Refer\u00eancia em Seguran\u00e7a do Trabalho. Especialistas em fabrica\u00e7\u00e3o, distribui\u00e7\u00e3o, treinamento e gest\u00e3o. Estamos prontos para atender \u00e0s necessidades!\" \/>\r\n<meta name=\"robots\" content=\"index, follow, max-snippet:-1, max-image-preview:large, max-video-preview:-1\" \/>\r\n<link rel=\"canonical\" href=\"https:\/\/grupomepi.com.br\/swp\/clientes\/\" \/>\r\n<meta property=\"og:locale\" content=\"pt_BR\" \/>\r\n<meta property=\"og:type\" content=\"article\" \/>\r\n<meta property=\"og:title\" content=\"Clientes - Grupo MEPI\" \/>\r\n<meta property=\"og:description\" content=\"Refer\u00eancia em Seguran\u00e7a do Trabalho. Especialistas em fabrica\u00e7\u00e3o, distribui\u00e7\u00e3o, treinamento e gest\u00e3o. Estamos prontos para atender \u00e0s necessidades!\" \/>\r\n<meta property=\"og:url\" content=\"https:\/\/grupomepi.com.br\/swp\/clientes\/\" \/>\r\n<meta property=\"og:site_name\" content=\"Grupo MEPI\" \/>\r\n<meta property=\"article:modified_time\" content=\"2024-03-04T13:56:18+00:00\" \/>\r\n<meta property=\"og:image\" content=\"https:\/\/grupomepi.com.br\/wp-content\/uploads\/2024\/03\/IMGDESTACADA.png\" \/>\r\n\t<meta property=\"og:image:width\" content=\"500\" \/>\r\n\t<meta property=\"og:image:height\" content=\"500\" \/>\r\n\t<meta property=\"og:image:type\" content=\"image\/png\" \/>\r\n<meta name=\"twitter:card\" content=\"summary_large_image\" \/>\r\n<meta name=\"twitter:label1\" content=\"Est. tempo de leitura\" \/>\n\t<meta name=\"twitter:data1\" content=\"1 minuto\" \/>\r\n<script type=\"application\/ld+json\" class=\"yoast-schema-graph\">{\"@context\":\"https:\\\/\\\/schema.org\",\"@graph\":[{\"@type\":\"WebPage\",\"@id\":\"https:\\\/\\\/grupomepi.com.br\\\/swp\\\/clientes\\\/\",\"url\":\"https:\\\/\\\/grupomepi.com.br\\\/swp\\\/clientes\\\/\",\"name\":\"Clientes - Grupo MEPI\",\"isPartOf\":{\"@id\":\"https:\\\/\\\/52.149.151.20\\\/swp\\\/#website\"},\"primaryImageOfPage\":{\"@id\":\"https:\\\/\\\/grupomepi.com.br\\\/swp\\\/clientes\\\/#primaryimage\"},\"image\":{\"@id\":\"https:\\\/\\\/grupomepi.com.br\\\/swp\\\/clientes\\\/#primaryimage\"},\"thumbnailUrl\":\"https:\\\/\\\/grupomepi.com.br\\\/wp-content\\\/uploads\\\/2024\\\/03\\\/IMGDESTACADA.png\",\"datePublished\":\"2024-03-04T13:41:33+00:00\",\"dateModified\":\"2024-03-04T13:56:18+00:00\",\"description\":\"Refer\u00eancia em Seguran\u00e7a do Trabalho. Especialistas em fabrica\u00e7\u00e3o, distribui\u00e7\u00e3o, treinamento e gest\u00e3o. Estamos prontos para atender \u00e0s necessidades!\",\"breadcrumb\":{\"@id\":\"https:\\\/\\\/grupomepi.com.br\\\/swp\\\/clientes\\\/#breadcrumb\"},\"inLanguage\":\"pt-BR\",\"potentialAction\":[{\"@type\":\"ReadAction\",\"target\":[\"https:\\\/\\\/grupomepi.com.br\\\/swp\\\/clientes\\\/\"]}]},{\"@type\":\"ImageObject\",\"inLanguage\":\"pt-BR\",\"@id\":\"https:\\\/\\\/grupomepi.com.br\\\/swp\\\/clientes\\\/#primaryimage\",\"url\":\"https:\\\/\\\/grupomepi.com.br\\\/wp-content\\\/uploads\\\/2024\\\/03\\\/IMGDESTACADA.png\",\"contentUrl\":\"https:\\\/\\\/grupomepi.com.br\\\/wp-content\\\/uploads\\\/2024\\\/03\\\/IMGDESTACADA.png\",\"width\":500,\"height\":500},{\"@type\":\"BreadcrumbList\",\"@id\":\"https:\\\/\\\/grupomepi.com.br\\\/swp\\\/clientes\\\/#breadcrumb\",\"itemListElement\":[{\"@type\":\"ListItem\",\"position\":1,\"name\":\"In\u00edcio\",\"item\":\"https:\\\/\\\/grupomepi.com.br\\\/swp\\\/\"},{\"@type\":\"ListItem\",\"position\":2,\"name\":\"Clientes\"}]},{\"@type\":\"WebSite\",\"@id\":\"https:\\\/\\\/52.149.151.20\\\/swp\\\/#website\",\"url\":\"https:\\\/\\\/52.149.151.20\\\/swp\\\/\",\"name\":\"Grupo MEPI\",\"description\":\"Fa\u00e7a do seu local de trabalho o lugar mais seguro!\",\"potentialAction\":[{\"@type\":\"SearchAction\",\"target\":{\"@type\":\"EntryPoint\",\"urlTemplate\":\"https:\\\/\\\/52.149.151.20\\\/swp\\\/?s={search_term_string}\"},\"query-input\":{\"@type\":\"PropertyValueSpecification\",\"valueRequired\":true,\"valueName\":\"search_term_string\"}}],\"inLanguage\":\"pt-BR\"}]}<\/script>\r\n<!-- \/ Yoast SEO plugin. -->","yoast_head_json":{"title":"Clientes - Grupo MEPI","description":"Refer\u00eancia em Seguran\u00e7a do Trabalho. Especialistas em fabrica\u00e7\u00e3o, distribui\u00e7\u00e3o, treinamento e gest\u00e3o. Estamos prontos para atender \u00e0s necessidades!","robots":{"index":"index","follow":"follow","max-snippet":"max-snippet:-1","max-image-preview":"max-image-preview:large","max-video-preview":"max-video-preview:-1"},"canonical":"https:\/\/grupomepi.com.br\/swp\/clientes\/","og_locale":"pt_BR","og_type":"article","og_title":"Clientes - Grupo MEPI","og_description":"Refer\u00eancia em Seguran\u00e7a do Trabalho. Especialistas em fabrica\u00e7\u00e3o, distribui\u00e7\u00e3o, treinamento e gest\u00e3o. Estamos prontos para atender \u00e0s necessidades!","og_url":"https:\/\/grupomepi.com.br\/swp\/clientes\/","og_site_name":"Grupo MEPI","article_modified_time":"2024-03-04T13:56:18+00:00","og_image":[{"width":500,"height":500,"url":"https:\/\/grupomepi.com.br\/wp-content\/uploads\/2024\/03\/IMGDESTACADA.png","type":"image\/png"}],"twitter_card":"summary_large_image","twitter_misc":{"Est. tempo de leitura":"1 minuto"},"schema":{"@context":"https:\/\/schema.org","@graph":[{"@type":"WebPage","@id":"https:\/\/grupomepi.com.br\/swp\/clientes\/","url":"https:\/\/grupomepi.com.br\/swp\/clientes\/","name":"Clientes - Grupo MEPI","isPartOf":{"@id":"https:\/\/52.149.151.20\/swp\/#website"},"primaryImageOfPage":{"@id":"https:\/\/grupomepi.com.br\/swp\/clientes\/#primaryimage"},"image":{"@id":"https:\/\/grupomepi.com.br\/swp\/clientes\/#primaryimage"},"thumbnailUrl":"https:\/\/grupomepi.com.br\/wp-content\/uploads\/2024\/03\/IMGDESTACADA.png","datePublished":"2024-03-04T13:41:33+00:00","dateModified":"2024-03-04T13:56:18+00:00","description":"Refer\u00eancia em Seguran\u00e7a do Trabalho. Especialistas em fabrica\u00e7\u00e3o, distribui\u00e7\u00e3o, treinamento e gest\u00e3o. Estamos prontos para atender \u00e0s necessidades!","breadcrumb":{"@id":"https:\/\/grupomepi.com.br\/swp\/clientes\/#breadcrumb"},"inLanguage":"pt-BR","potentialAction":[{"@type":"ReadAction","target":["https:\/\/grupomepi.com.br\/swp\/clientes\/"]}]},{"@type":"ImageObject","inLanguage":"pt-BR","@id":"https:\/\/grupomepi.com.br\/swp\/clientes\/#primaryimage","url":"https:\/\/grupomepi.com.br\/wp-content\/uploads\/2024\/03\/IMGDESTACADA.png","contentUrl":"https:\/\/grupomepi.com.br\/wp-content\/uploads\/2024\/03\/IMGDESTACADA.png","width":500,"height":500},{"@type":"BreadcrumbList","@id":"https:\/\/grupomepi.com.br\/swp\/clientes\/#breadcrumb","itemListElement":[{"@type":"ListItem","position":1,"name":"In\u00edcio","item":"https:\/\/grupomepi.com.br\/swp\/"},{"@type":"ListItem","position":2,"name":"Clientes"}]},{"@type":"WebSite","@id":"https:\/\/52.149.151.20\/swp\/#website","url":"https:\/\/52.149.151.20\/swp\/","name":"Grupo MEPI","description":"Fa\u00e7a do seu local de trabalho o lugar mais seguro!","potentialAction":[{"@type":"SearchAction","target":{"@type":"EntryPoint","urlTemplate":"https:\/\/52.149.151.20\/swp\/?s={search_term_string}"},"query-input":{"@type":"PropertyValueSpecification","valueRequired":true,"valueName":"search_term_string"}}],"inLanguage":"pt-BR"}]}},"_links":{"self":[{"href":"https:\/\/www.mepi.com.br\/swp\/wp-json\/wp\/v2\/pages\/270","targetHints":{"allow":["GET"]}}],"collection":[{"href":"https:\/\/www.mepi.com.br\/swp\/wp-json\/wp\/v2\/pages"}],"about":[{"href":"https:\/\/www.mepi.com.br\/swp\/wp-json\/wp\/v2\/types\/page"}],"author":[{"embeddable":true,"href":"https:\/\/www.mepi.com.br\/swp\/wp-json\/wp\/v2\/users\/1"}],"replies":[{"embeddable":true,"href":"https:\/\/www.mepi.com.br\/swp\/wp-json\/wp\/v2\/comments?post=270"}],"version-history":[{"count":13,"href":"https:\/\/www.mepi.com.br\/swp\/wp-json\/wp\/v2\/pages\/270\/revisions"}],"predecessor-version":[{"id":312,"href":"https:\/\/www.mepi.com.br\/swp\/wp-json\/wp\/v2\/pages\/270\/revisions\/312"}],"wp:featuredmedia":[{"embeddable":true,"href":"https:\/\/www.mepi.com.br\/swp\/wp-json\/wp\/v2\/media\/15"}],"wp:attachment":[{"href":"https:\/\/www.mepi.com.br\/swp\/wp-json\/wp\/v2\/media?parent=270"}],"curies":[{"name":"wp","href":"https:\/\/api.w.org\/{rel}","templated":true}]}}